s 2 a factor of 632778?
True
Does 40 divide 104360?
True
Does 138 divide 1368730?
False
Is 124903 a multiple of 73?
True
Is 4874520 a multiple of 921?
False
Is 376451 a multiple of 78?
False
Does 942 divide 5883457?
False
Is 138 a factor of 98855?
False
Is 1121958 a multiple of 158?
True
Does 524 divide 1747540?
True
Is 13 a factor of 49578?
False
Is 2226090 a multiple of 51?
False
Is 6319089 a multiple of 441?
True
Is 142 a factor of 20067582?
True
Is 1485 a factor of 10112698?
False
Is 196 a factor of 707364?
True
Is 62 a factor of 5177083?
False
Is 9525 a multiple of 381?
True
Does 37 divide 125543?
False
Is 11427281 a multiple of 14?
False
Is 14 a factor of 33166?
True
Is 188 a factor of 849925?
False
Is 306 a factor of 469710?
True
Is 13 a factor of 46601?
False
Is 18 a factor of 67338?
True
Is 84854 a multiple of 38?
True
Does 426 divide 4153007?
False
Does 36 divide 71815?
False
Is 115810 a multiple of 25?
False
Is 272 a factor of 832843?
False
Is 3016949 a multiple of 190?
False
Does 136 divide 4384387?
False
Does 201 divide 428532?
True
Is 82 a factor of 68843?
False
Does 73 divide 38057?
False
Is 603145 a multiple of 15?
False
Does 7 divide 9828329?
True
Does 39 divide 308685?
True
Is 3 a factor of 117359?
False
Does 32 divide 1054720?
True
Is 12 a factor of 116012?
False
Does 26 divide 314036?
False
Is 355842 a multiple of 8?
False
Is 1012 a multiple of 23?
True
Does 11 divide 13556643?
False
Is 9754912 a multiple of 51?
False
Does 192 divide 919358?
False
Is 1745257 a multiple of 6?
False
Is 34 a factor of 4018073?
False
Is 25 a factor of 260750?
True
Is 8 a factor of 63834?
False
Does 196 divide 83888?
True
Is 8 a factor of 19339?
False
Is 1550197 a multiple of 16?
False
Is 26 a factor of 5199246?
True
Does 14 divide 108654?
True
Does 276 divide 2127132?
True
Is 784973 a multiple of 46?
False
Does 8 divide 1204147?
False
Is 9642633 a multiple of 795?
False
Is 210 a factor of 2133414?
False
Is 131 a factor of 340862?
True
Is 596 a factor of 2106850?
False
Is 6603435 a multiple of 182?
False
Does 28 divide 30744?
True
Is 1377561 a multiple of 215?
False
Does 18 divide 29772?
True
Is 132 a factor of 13369757?
False
Is 16783246 a multiple of 10?
False
Is 13 a factor of 58075?
False
Is 24 a factor of 6666552?
True
Is 4169234 a multiple of 1094?
True
Is 202 a factor of 384826?
False
Does 178 divide 98256?
True
Is 69911 a multiple of 4?
False
Does 169 divide 527280?
True
Is 21 a factor of 151087?
False
Is 6822 a multiple of 3?
True
Is 921991 a multiple of 347?
False
Is 864 a factor of 2974752?
True
Is 2146837 a multiple of 343?
True
Is 16808 a multiple of 44?
True
Is 75 a factor of 117300?
True
Is 2794019 a multiple of 44?
False
Is 494 a factor of 337534?
False
Is 59 a factor of 634471?
False
Is 159120 a multiple of 221?
True
Is 77457 a multiple of 17?
False
Is 11 a factor of 471768?
True
Is 12950 a multiple of 35?
True
Does 992 divide 3062696?
False
Is 260 a factor of 2377128?
False
Is 129533 a multiple of 5?
False
Does 34 divide 406054?
False
Is 116 a factor of 858250?
False
Is 41 a factor of 5508883?
True
Does 87 divide 22707?
True
Is 720723 a multiple of 40?
False
Is 15 a factor of 272541?
False
Is 8208 a multiple of 114?
True
Is 64 a factor of 23104?
True
Is 19 a factor of 225872?
True
Is 132363 a multiple of 63?
True
Is 70 a factor of 824729?
False
Does 812 divide 422240?
True
Is 20 a factor of 3126892?
False
Is 558026 a multiple of 23?
True
Does 63 divide 219177?
True
Is 373200 a multiple of 300?
True
Does 145 divide 264335?
True
Does 337 divide 181306?
True
Is 5 a factor of 335331?
False
Does 430 divide 1705810?
True
Is 7 a factor of 150626?
True
Is 12 a factor of 8445785?
False
Is 48 a factor of 63312?
True
Does 12 divide 866093?
False
Is 4545656 a multiple of 872?
False
Is 636831 a multiple of 13?
True
Is 76 a factor of 567796?
True
Is 209 a factor of 34140?
False
Is 11861 a multiple of 409?
True
Is 463342 a multiple of 41?
False
Is 467 a factor of 203612?
True
Is 25 a factor of 449600?
True
Is 381729 a multiple of 64?
False
Does 2072 divide 1272208?
True
Is 2145347 a multiple of 38?
False
Is 3792078 a multiple of 30?
False
Is 498 a factor of 236052?
True
Is 359859 a multiple of 24?
False
Is 444 a factor of 578532?
True
Does 110 divide 232870?
True
Does 20 divide 1192260?
True
Is 1472779 a multiple of 217?
True
Is 36 a factor of 2984652?
True
Is 1394779 a multiple of 386?
False
Does 33 divide 124527?
False
Does 2 divide 9953?
False
Is 36 a factor of 608307?
False
Is 17 a factor of 782799?
True
Is 493650 a multiple of 25?
True
Is 8088 a multiple of 2?
True
Is 24607352 a multiple of 308?
True
Is 381 a factor of 305244?
False
Is 54 a factor of 251370?
True
Does 1593 divide 10208522?
False
Is 5 a factor of 293065?
True
Is 2269701 a multiple of 27?
True
Is 57180 a multiple of 19?
False
Does 19 divide 1059877?
True
Is 2794280 a multiple of 40?
True
Does 433 divide 76208?
True
Does 2311 divide 14268284?
False
Is 6201503 a multiple of 77?
True
Is 103 a factor of 100116?
True
Does 21 divide 1750728?
True
Is 18 a factor of 6660?
True
Is 756489 a multiple of 16?
False
Is 16332 a multiple of 188?
False
Is 409440 a multiple of 480?
True
Is 1231477 a multiple of 14?
False
Is 74 a factor of 585700?
False
Does 12 divide 1763256?
True
Is 37848 a multiple of 43?
False
Is 3667456 a multiple of 247?
True
Is 1475771 a multiple of 81?
False
Does 8 divide 572808?
True
Is 2 a factor of 41313?
False
Is 3305720 a multiple of 440?
True
Does 13 divide 33695?
False
Is 31096 a multiple of 8?
True
Does 800 divide 5668000?
True
Is 886 a factor of 1270650?
False
Does 145 divide 4952185?
True
Is 917154 a multiple of 4?
False
Is 37284 a multiple of 96?
False
Does 260 divide 483185?
False
Does 15 divide 1088235?
True
Is 262787 a multiple of 49?
True
Is 1620894 a multiple of 33?
True
Is 129523 a multiple of 2?
False
Does 375 divide 5621250?
True
Does 11 divide 1674640?
True
Is 824527 a multiple of 11?
True
Is 1129690 a multiple of 449?
False
Is 1258909 a multiple of 53?
True
Is 9187056 a multiple of 6?
True
Is 38 a factor of 1945891?
False
Is 3172232 a multiple of 14?
True
Is 10 a factor of 1028224?
False
Is 3611608 a multiple of 328?
True
Is 414936 a multiple of 17?
True
Is 258 a factor of 83135?
False
Is 25671 a multiple of 36?
False
Does 202 divide 1479650?
True
Does 203 divide 1941382?
False
Is 3957415 a multiple of 541?
True
Is 5 a factor of 596240?
True
Is 38 a factor of 38570?
True
Does 457 divide 1236877?
False
Does 16 divide 22616?
False
Does 25 divide 686225?
True
Does 12 divide 498908?
False
Is 709 a factor of 4760935?
True
Does 36 divide 71299?
False
Does 3 divide 132018?
True
Is 106798 a multiple of 134?
True
Does 834 divide 4622028?
True
Is 688720 a multiple of 4?
True
Is 181 a factor of 749159?
True
Is 12 a factor of 252938?
False
Does 51 divide 18750849?
False
Is 961 a factor of 230640?
True
Is 1337 a factor of 7122565?
False
Is 2302448 a multiple of 12?
False
Is 153258 a multiple of 21?
True
Is 262 a factor of 2211018?
True
Is 238 a factor of 2159136?
True
Does 269 divide 2916575?
False
Does 588 divide 1506456?
True
Does 343 divide 21952?
True
Is 69 a factor of 4205414?
False
Does 4 divide 612256?
True
Is 26 a factor of 387017?
False
Is 158 a factor of 92591?
False
Does 472 divide 4435856?
True
Does 146 divide 180838?
False
Does 8 divide 256544?
True
Does 761 divide 5149687?
True
Does 9 divide 146934?
True
Is 70 a factor of 10165844?
False
Is 206289 a multiple of 132?
False
Is 165 a factor of 210705?
True
Does 37 divide 15130743?
True
Is 43 a factor of 684653?
False
Is 12 a factor of 146851?
False
Is 25481 a multiple of 114?
False
Is 502 a factor of 497590?
False
Is 17 a factor of 336430?
True
Is 2100602 a multiple of 38?
True
Is 746004 a multiple of 321?
True
Does 1956 divide 22058?
False
Is 15294 a multiple of 497?
False
Does 79 divide 165133?
False
Is 206406 a multiple of 12?
False
Is 2397257 a multiple of 27?
False
Is 78 a factor of 1001988?
True
Does 19 divide 227255?
False
Is 370523 a multiple of 18?
False
Does 302 divide 555471?
False
Does 504 divide 169848?
True
Is 71 a factor of 636799?
True
Does 47 divide 1591039?
False
Is 282388 a multiple of 5?
False
Does 3 divide 4941288?
True
Is 35 a factor of 49525?
True
Is 80 a factor of 51768